{"id":27,"date":"2026-09-02T18:52:11","date_gmt":"2026-09-02T18:52:11","guid":{"rendered":"https:\/\/szkolenia.aserto.edu.pl\/index.php\/prowadzacy\/joanna-krystyna-robak\/"},"modified":"2026-09-02T18:52:11","modified_gmt":"2026-09-02T18:52:11","slug":"joanna-krystyna-robak","status":"publish","type":"prowadzacy","link":"https:\/\/szkolenia.aserto.edu.pl\/index.php\/prowadzacy\/joanna-krystyna-robak\/","title":{"rendered":"Joanna Krystyna Robak"},"content":{"rendered":"\n<p class=\"wp-block-paragraph\"><\/p>\n\n\n\n<p class=\"wp-block-paragraph\"><span style=\"color: var( --e-global-color-text )\">\n\n<span style=\"color: #000000\">Ekonomista. <strong>Ekspert z zakresu zak\u0142adowego funduszu \u015bwiadcze\u0144 socjalnych (ZF\u015aS)<\/strong>. Od 1997 r. do 2013 r. pracownik urz\u0119du gminy oraz g\u0142\u00f3wny ksi\u0119gowy jednostek bud\u017cetowych. W latach 2013 \u2013 2015 pracownik Zak\u0142adu Ubezpiecze\u0144 Spo\u0142ecznych w Wydziale Realizacji Dochod\u00f3w. R\u00f3wnolegle z prac\u0105 w ww. jednostkach od 2010 r. do 2017 r. manager i dyrektor nowos\u0105deckiej filii znanej og\u00f3lnopolskiej sieci szk\u00f3\u0142. Absolwent m.in. Akademii Ekonomicznej w Krakowie, Uniwersytetu Rzeszowskiego, Wy\u017cszej Szko\u0142y Przedsi\u0119biorczo\u015bci i Marketingu w Chrzanowie oraz Uniwersytetu Pedagogicznego w Krakowie. Od 2009 r. uznany i ceniony przez uczestnik\u00f3w szkole\u0144 trener z zakresu prawa pracy, kadr i p\u0142ac, a w szczeg\u00f3lno\u015bci ZF\u015aS. <\/span><\/span><\/p>\n\n\n\n<p class=\"wp-block-paragraph\">Posiada blisko 30-letnie do\u015bwiadczenie w pracy z zak\u0142adowym funduszem \u015bwiadcze\u0144 socjalnych (ZF\u015aS), zar\u00f3wno w sektorze publicznym, mi\u0119dzy innymi w jednostkach bud\u017cetowych, w tym w publicznych plac\u00f3wkach o\u015bwiatowych, jak r\u00f3wnie\u017c w sektorze prywatnym, w tym w du\u017cych sp\u00f3\u0142kach. Pomaga u\u0142o\u017cy\u0107 ZF\u015aS u r\u00f3\u017cnych pracodawc\u00f3w bior\u0105c pod uwag\u0119 ich specyfik\u0119.<\/p>\n\n\n\n<p class=\"wp-block-paragraph\"><span style=\"color: #000000\"><strong><u>Autor<\/u> <\/strong>wielu publikacji oraz <strong>licznych ksi\u0105\u017cek<\/strong> i e-book\u00f3w z zakresu ZF\u015aS. Autor Akademii ZF\u015aS \u2013 Praktycznego Kursu, specjalistycznych szkole\u0144 oraz <strong><u>ZFSSlettera<\/u>, <\/strong>najwi\u0119kszego w&nbsp;Polsce, eksperckiego&nbsp;<strong>newslettera<\/strong>&nbsp;dedykowanego w&nbsp;ca\u0142o\u015bci sprawom ZF\u015aS. <\/span><\/p>\n\n\n\n<p class=\"wp-block-paragraph\"><strong style=\"color: #000000\"><u>Praktyk.<\/u><\/strong><span style=\"color: #000000\">\u00a0<br><br>W 2026 roku uhonorowana presti\u017cow\u0105 nagrod\u0105 w XXVI edycji Polish Businesswomen Awards w kategorii<\/span> <span style=\"color: #e81597\"><b>Ekspert i ambasador najwy\u017cszej jako\u015bci edukacji w zakresie ZF\u015aS w Polsce<\/b><\/span>.<\/p>\n\n\n\n<p class=\"wp-block-paragraph\"><span style=\"color: #000000\">W 2025 roku uzyska\u0142a status <strong>GOLD<\/strong> w Konkursie <strong>Or\u0142y Edukacji edycja og\u00f3lnopolska<\/strong> i znalaz\u0142a si\u0119 w \u015bcis\u0142ej czo\u0142\u00f3wce najlepszych firm szkoleniowych w Polsce.<\/span><\/p>\n\n\n\n<p class=\"wp-block-paragraph\"><span style=\"color: #000000\">W 2024 roku zaj\u0119\u0142a 1 miejsce w Konkursie <strong>Or\u0142y Edukacji<\/strong> w Nowym S\u0105czu z wynikiem <strong>10\/10 punkt\u00f3w<\/strong>.<\/span><\/p>\n\n\n\n<p class=\"wp-block-paragraph\"><span style=\"color: #000000\">W 2023 roku <\/span>uhonorowana presti\u017cow\u0105 nagrod\u0105 <span style=\"color: #000000\"><b>w&nbsp;XIX edycji konkursu Polish Businesswomen Awards <\/b>w kategorii:&nbsp;<\/span><span style=\"color: #e81597\"><b>Lider w&nbsp;dziedzinie przekazywania wiedzy o&nbsp;Zak\u0142adowym Funduszu \u015awiadcze\u0144 Socjalnych<\/b><\/span><b style=\"color: #ff0000\"><span style=\"color: #e81597\">.<\/span><\/b><\/p>\n\n\n\n<figure class=\"wp-block-gallery has-nested-images columns-default is-cropped wp-block-gallery-1 is-layout-flex wp-block-gallery-is-layout-flex\">\n<figure class=\"wp-block-image size-large\"><img decoding=\"async\" data-id=\"83\" src=\"https:\/\/asertoedukacja.pl\/wp-content\/uploads\/2026\/07\/orly-edukacji-zdjecie-do-ofert-qmgkwwx-768x768-1.jpg\" alt=\"\" class=\"wp-image-83\" \/><\/figure>\n\n\n\n<figure class=\"wp-block-image size-large\"><img decoding=\"async\" data-id=\"82\" src=\"https:\/\/asertoedukacja.pl\/wp-content\/uploads\/2026\/07\/ASERTO-JKR-Lider-ZFSS-71cxhgg-1024x1024.jpg\" alt=\"\" class=\"wp-image-82\" \/><\/figure>\n\n\n\n<figure class=\"wp-block-image size-large\"><img decoding=\"async\" data-id=\"84\" src=\"https:\/\/asertoedukacja.pl\/wp-content\/uploads\/2026\/07\/4-odbior-nagrody4-kwadrat-768x768-1.jpg\" alt=\"\" class=\"wp-image-84\" \/><\/figure>\n<\/figure>\n\n\n\n<p class=\"wp-block-paragraph\"><\/p>\n","protected":false},"featured_media":0,"template":"","class_list":["post-27","prowadzacy","type-prowadzacy","status-publish","hentry"],"_links":{"self":[{"href":"https:\/\/szkolenia.aserto.edu.pl\/index.php\/wp-json\/wp\/v2\/prowadzacy\/27","targetHints":{"allow":["GET"]}}],"collection":[{"href":"https:\/\/szkolenia.aserto.edu.pl\/index.php\/wp-json\/wp\/v2\/prowadzacy"}],"about":[{"href":"https:\/\/szkolenia.aserto.edu.pl\/index.php\/wp-json\/wp\/v2\/types\/prowadzacy"}],"version-history":[{"count":0,"href":"https:\/\/szkolenia.aserto.edu.pl\/index.php\/wp-json\/wp\/v2\/prowadzacy\/27\/revisions"}],"wp:attachment":[{"href":"https:\/\/szkolenia.aserto.edu.pl\/index.php\/wp-json\/wp\/v2\/media?parent=27"}],"curies":[{"name":"wp","href":"https:\/\/api.w.org\/{rel}","templated":true}]}}

<p class="wp-block-paragraph"></p>



<p class="wp-block-paragraph"><span style="color: var( --e-global-color-text )">

<span style="color: #000000">Ekonomista. <strong>Ekspert z zakresu zakładowego funduszu świadczeń socjalnych (ZFŚS)</strong>. Od 1997 r. do 2013 r. pracownik urzędu gminy oraz główny księgowy jednostek budżetowych. W latach 2013 – 2015 pracownik Zakładu Ubezpieczeń Społecznych w Wydziale Realizacji Dochodów. Równolegle z pracą w ww. jednostkach od 2010 r. do 2017 r. manager i dyrektor nowosądeckiej filii znanej ogólnopolskiej sieci szkół. Absolwent m.in. Akademii Ekonomicznej w Krakowie, Uniwersytetu Rzeszowskiego, Wyższej Szkoły Przedsiębiorczości i Marketingu w Chrzanowie oraz Uniwersytetu Pedagogicznego w Krakowie. Od 2009 r. uznany i ceniony przez uczestników szkoleń trener z zakresu prawa pracy, kadr i płac, a w szczególności ZFŚS. </span></span></p>



<p class="wp-block-paragraph">Posiada blisko 30-letnie doświadczenie w pracy z zakładowym funduszem świadczeń socjalnych (ZFŚS), zarówno w sektorze publicznym, między innymi w jednostkach budżetowych, w tym w publicznych placówkach oświatowych, jak również w sektorze prywatnym, w tym w dużych spółkach. Pomaga ułożyć ZFŚS u różnych pracodawców biorąc pod uwagę ich specyfikę.</p>



<p class="wp-block-paragraph"><span style="color: #000000"><strong><u>Autor</u> </strong>wielu publikacji oraz <strong>licznych książek</strong> i e-booków z zakresu ZFŚS. Autor Akademii ZFŚS – Praktycznego Kursu, specjalistycznych szkoleń oraz <strong><u>ZFSSlettera</u>, </strong>największego w&nbsp;Polsce, eksperckiego&nbsp;<strong>newslettera</strong>&nbsp;dedykowanego w&nbsp;całości sprawom ZFŚS. </span></p>



<p class="wp-block-paragraph"><strong style="color: #000000"><u>Praktyk.</u></strong><span style="color: #000000"> <br><br>W 2026 roku uhonorowana prestiżową nagrodą w XXVI edycji Polish Businesswomen Awards w kategorii</span> <span style="color: #e81597"><b>Ekspert i ambasador najwyższej jakości edukacji w zakresie ZFŚS w Polsce</b></span>.</p>



<p class="wp-block-paragraph"><span style="color: #000000">W 2025 roku uzyskała status <strong>GOLD</strong> w Konkursie <strong>Orły Edukacji edycja ogólnopolska</strong> i znalazła się w ścisłej czołówce najlepszych firm szkoleniowych w Polsce.</span></p>



<p class="wp-block-paragraph"><span style="color: #000000">W 2024 roku zajęła 1 miejsce w Konkursie <strong>Orły Edukacji</strong> w Nowym Sączu z wynikiem <strong>10/10 punktów</strong>.</span></p>



<p class="wp-block-paragraph"><span style="color: #000000">W 2023 roku </span>uhonorowana prestiżową nagrodą <span style="color: #000000"><b>w&nbsp;XIX edycji konkursu Polish Businesswomen Awards </b>w kategorii:&nbsp;</span><span style="color: #e81597"><b>Lider w&nbsp;dziedzinie przekazywania wiedzy o&nbsp;Zakładowym Funduszu Świadczeń Socjalnych</b></span><b style="color: #ff0000"><span style="color: #e81597">.</span></b></p>



<figure class="wp-block-gallery has-nested-images columns-default is-cropped wp-block-gallery-1 is-layout-flex wp-block-gallery-is-layout-flex">
<figure class="wp-block-image size-large"><img decoding="async" data-id="83" src="https://asertoedukacja.pl/wp-content/uploads/2026/07/orly-edukacji-zdjecie-do-ofert-qmgkwwx-768x768-1.jpg" alt="" class="wp-image-83" /></figure>



<figure class="wp-block-image size-large"><img decoding="async" data-id="82" src="https://asertoedukacja.pl/wp-content/uploads/2026/07/ASERTO-JKR-Lider-ZFSS-71cxhgg-1024x1024.jpg" alt="" class="wp-image-82" /></figure>



<figure class="wp-block-image size-large"><img decoding="async" data-id="84" src="https://asertoedukacja.pl/wp-content/uploads/2026/07/4-odbior-nagrody4-kwadrat-768x768-1.jpg" alt="" class="wp-image-84" /></figure>
</figure>



<p class="wp-block-paragraph"></p>
